(19 - 9)).
9
-4 - (1 + 1) - (10 - 20)
4
Evaluate 1 - (-4 - (-3 + -2)).
0
What is the value of 1 + 2 - -3 - (10 + -7)?
3
Calculate -7 + 4 + 22 + -15.
4
Calculate -1 - (-2 + 1) - (-9 - -7).
2
What is -2 - (-2 - -5 - (1 + 3))?
-1
What is the value of -21 + 22 - (4 + -1)?
-2
Calculate -4 + (11 - (12 - 2 - 6)).
3
Evaluate (-10 - (3 - -9)) + 13.
-9
Calculate 3 + 1 + (-20 - -16).
0
What is the value of -3 + (-6 + 2 - (-3 + 0))?
-4
What is the value of -1 - (0 - 13) - (8 + -1)?
5
Evaluate (6 - 7) + 8 + -5 + 1.
3
6 + (-8 - (0 + -8) - 4)
2
Calculate -8 - (-6 + -4) - 5.
-3
What is the value of 3 + (-1 - 0) + -2?
0
2 + -2 + -3 + 5 + 0
2
What is the value of -10 + 6 + -1 - 3?
-8
Calculate (-3 - -1) + -1 + (-4 - -2).
-5
What is (4 - (-3 - -4)) + (1 - 9)?
-5
What is the value of (-15 - -18) + (-4 - (1 + 0))?
-2
-2 + 3 - (8 + -2)
-5
Evaluate 11 - 2 - (3 + 1).
5
What is 3 + -1 - (-47 - -55)?
-6
18 - 23 - (1 + -2)
-4
Calculate (2 + (-2 - 2) - -7) + -1.
4
What is (1 - -1 - 9) + (-7 - -17)?
3
Evaluate 3 - (1 + 1 + -1).
2
Evaluate 1 - (-4 + 0 - 0).
5
What is the value of -5 + 6 + -3 + 3?
1
-9 - -3 - (6 + -3)
-9
Evaluate -3 - 0 - (0 - -1) - -7.
3
(2 - (2 + -4)) + -4 - 6
-6
(-3 - 2) + -8 + 6 - -2
-5
8 + (-2 - -2 - (-9 + 14))
3
Calculate -4 + (-3 - (-17 + 4)) + 1.
7
Evaluate -4 + 13 + 5 + (6 - 16).
4
13 - ((3 - -18) + -13)
5
What is -29 + 20 + (10 - -1)?
2
What is -2 + 1 + (13 - (17 - 12))?
7
4 + -1 + (-1 - 0)
2
What is 9 - (14 - 20) - (0 + 6)?
9
Calculate (14 - 28 - 2) + 6.
-10
Calculate (-1 - -3) + 3 + (1 - 2).
4
Evaluate (10 - (9 - 5 - -1)) + -5.
0
Evaluate ((2 - 7) + 3 - 2) + 3.
-1
1 + 4 + (-28 - -20)
-3
Evaluate 10 + -3 + 2 + 3 - 6.
6
What is the value of 13 + 1 - (-10 - (6 - 22))?
8
What is the value of 2 + -3 - -3 - (-2 - -1)?
3
What is (-4 - 0) + -2 + 11 + -4?
1
What is the value of (2 - -7) + -3 - 2?
4
What is 4 - (-4 + (-13 - -6 - -7))?
8
What is the value of -1 + 2 - (9 - 6)?
-2
Calculate 88 - 90 - (1 + 0).
-3
(-9 + 4 - -10) + -7 + -1
-3
What is the value of 1 + -5 + 4 + 0?
0
What is -5 - (3 + -8 - -2 - -3)?
-5
Evaluate 7 - (-3 - (4 - (11 - 2))).
5
Calculate (1 - -1) + -5 + 1.
-2
Evaluate (5 - 11) + 3 + (-2 - -2).
-3
Evaluate 6 + (-9 - -2) - -8.
7
Evaluate -9 - -1 - -4 - -2.
-2
What is the value of 2 + -2 + 8 + (6 - 25)?
-11
Calculate -12 + 18 + 4 + -12.
-2
What is the value of 0 - 3 - (-1 + -1 + -4)?
3
7 - (10 + -3 + -4)
4
7 + 35 + -34 + (-8 - 0)
0
Evaluate -14 + 6 + 5 + 4.
1
Evaluate -2 - (3 + -4) - -4.
3
(-19 - -20 - (-1 + 1)) + -3
-2
Evaluate (-76 - -74) + (5 - 1).
2
What is the value of 6 + -11 - -3 - (-3 - 1)?
2
What is the value of -7 + 1 - -11 - (4 - 1)?
2
What is 8 + -4 + 4 + (-8 - -6)?
6
What is -1 - 2 - (17 + -16)?
-4
Evaluate 2 - (-1 + 6) - (28 + -31).
0
Calculate -10 + (10 - (1 - -6)).
-7
What is the value of -1 - ((-4 - -4 - 2) + -2)?
3
(-3 - -2) + 0 - -5
4
0 + -10 + 2 + 10 + -7
-5
0 + -4 - (1 - 5)
0
What is the value of 2 + -5 + 1 - -4?
2
What is -8 + 2 - (-2 + 1)?
-5
What is the value of 6 + (6 - 2) + -4?
6
Evaluate -2 - -2 - (1 + -1 + 5).
-5
Evaluate -3 + 8 + (-2 - 2) + 2.
3
Calculate -1 - -1 - (8 + 5 - 7).
-6
Evaluate 4 - (2 + -1) - 8.
-5
5 - (1 - -4) - 0
0
Evaluate 5 + 3 + -3 + 0 + -2.
3
Calculate -3 + 3 - (7 + -7) - -1.
1
What is -51 + 44 + 0 + 1?
-6
0 + 7 - ((29 - 15) + -12)
5
Calculate 10 + (4 - (10 + 4)).
0
Evaluate (-6 - -8 - 5) + 5.
2
What is (-1 + 2 - -4) + 5 - 7?
3
Calculate 10 + -8 + (-1 - -6).
7
(24 - 19 - (0 + 1)) + -9
-5
Evaluate (5 - 10 - -12) + -6.
1
Evaluate (4 - 2) + (1 - 1 - 3).
-1
Calculate 0 - (-2 + 2 + 6).
-6
Evaluate 2 - (-2 + 3 + 3) - 0.
-2
-3 + (-2 - -4) + (-2 - 1)
-4
(-2 - -2) + 1 + -23 + 20
-2
5 + -2 + 2 + (-4 - -1)
2
1 - -11 - (2 - -12)
-2
Calculate -5 + 1 + 10 + -8.
-2
What is the value of (1 - 6) + 1 - (-99 - -89)?
6
What is (-82 - -83) + (-13 - (1 + -3))?
-10
Calculate 8 - 6 - (4 - (-1 - -1)).
-2
What is 8 - (-1 + (-5 - -10))?
4
What is the value of (-1 - (-2 + 4)) + 19 + -16?
0
Calculate 3 + (-4 - 0 - -4) + 5.
8
Evaluate -5 - (-2 + -3 + -2).
2
What is the value of -1 + 2 + 8 + -6 + 0?
3
Calculate 1 - (-10 + (4 - 0)).
7
Calculate 6 + 0 + 1 + 1 + -5.
3
What is the value of -3 + (5 - 4) + (0 - -2)?
0
(-12 - -1 - -25) + -5
9
What is the value of -7 + 14 + 3 - 6?
4
Evaluate (-13 - -12) + -2 + 0 + 7.
4
Calculate -12 + 4 - (1 - 7).
-2
Calculate -18 + 7 - ((2 - 0) + -8).
-5
Evaluate (4 + -1 - (9 - -3)) + 4.
-5
What is -6 + (-4 + 5 - -4)?
-1
Calculate -1 - -7 - (-49 - -47).
8
Calculate -2 + 1 + -2 - (-14 - -11).
0
What is the value of -2 - (6 + -16) - 6?
2
Calculate 8 - (1 - -3 - -8).
-4
Evaluate (18 - 24) + 2 + -1.
-5
Evaluate 10 + -8 - (8 + -14).
8
-10 - -17 - 1 - 10
-4
What is the value of 5 - ((4 - (0 - -9)) + 6)?
4
What is 2 - (-2 - ((0 - 2) + -1))?
1
Calculate 0 + 4 + -11 + 3 - -2.
-2
Calculate -8 + (5 - 0) + (9 - 13).
-7
Evaluate (3 - 0) + -3 - -2.
2
Calculate (-9 + 20 - 15) + 0 + 2.
-2
Evaluate 1 + 1 - (-70 - -71) - -5.
6
Calculate -1 + 3 + -4 + 7.
5
What is -9 - 4 - (3 - 12)?
-4
Evaluate (-12 + 10 - -6) + (0 - 3).
1
What is -2 + (-4 - 1 - -4) + 2?
-1
What is -7 + 1 + (10 - 6)?
-2
4 + -7 - (-4 - -6)
-5
-1 + (17 - (9 - 1))
8
What is the value of 2 - ((-6 - -4) + (3 - 0))?
1
Calculate (-7 - (7 - 13)) + 6 - -2.
7
0 + (6 + 0 - 2)
4
Evaluate (2 - (-1 - 4)) + (-27 - -15).
-5
What is 11 + -6 + -2 + 2 + 0?
5
What is the value of -5 + 8 + -4 + 0?
-1
0 - 0 - (-43 - -44)
-1
What is 1 - -1 - (5 + -3 - 4)?
4
What is the value of (2 - 7) + (8 - (-1 - 1))?
5
What is the value of 7 + -3 - (7 + 0 + -2)?
-1
Evaluate -4 + 0 - (119 - 128).
5
Calculate 4 - ((3 - 4) + 0).
5
What is the value of 1 + -10 + -63 + 66?
-6
Calculate 2 - 2 - (5 - (3 - -5)).
3
What is the value of -1 - (6 + 1) - -22 - 3?
11
Calculate -16 - (13 - 8 - 7 - 6).
-8
What is the value of -4 + 7 + -6 - 2?
-5
Calculate (38 - 45 - (1 + 1)) + 4.
-5
Calculate -2 + -3 - (0 - 2).
-3
Calculate -8 + (4 - 1) - (1 + -1).
-5
Calculate (-4 - (5 + -15)) + -11 - 1.
-6
What is (3 - 1 - -1) + -2?
1
Evaluate 3 + -5 + (-1 - -1 - 0).
-2
What is -7 - (10 - 16) - (1 + -9)?
7
Evaluate (-32 + 43 - (0 + 6)) + -1.
4
Calculate -9 + (2 - (-4 - (2 + -8))).
-9
(8 + -4 - -4) + -7
1
Calculate -6 - (2 + 0 + 4) - -6.
-6
5 - 4 - (-1 + 3 + -3)
2
Evaluate -4 - (3 + -1 + -1).
-5
What is (-13 - -6) + -18 + 35?
10
What is 0 - (-2 + 3) - 1?
-2
What is the value of -8 + 1 + 2 - -8?
3
(-14 + 10 - -3) + (0 - -5)
4
Calculate 3 - (10 - 2) - -1.
-4
9 + -9 + 8 - 5
3
Evaluate (-4 - (3 - -3)) + 8.
-2
10 + 1 + (0 + -3 - 6)
2
Calculate (-2 - (-3 + -2)) + (-7 - 0).
-4
4 + (-8 - 7) + 4 + 5
-2
Calculate 14 + -3 + -5 + 2.
8
(-1 - 14) + (-23 - -32)
-6
What is -11 - -11 - -4 - (-1 + -1)?
6
0 + 27 + -12 - 13
2
Calculate 6 - ((3 - -5) + -2 - 3).
3
Evaluate -7 - (-5 + -4 + (5 - 1)).
-2
What is the value of 5 - -1 - (-112 - -121)?
-3
Evaluate (-7 - (-12 - -14)) + 9.
0
Calculate -6 + 2 + 0 + (5 - 2).
-1
Calculate 5 + -4 + -5 - (-1 - 2).
-1
0 - -1 - -5 - (1 + 7)
-2
What is 0 + 1 - (2 - (-3 - -2))?
-2
Evaluate -7 + (-3 + 0 - -4) + 5.
-1
Evaluate -6 - (-2 + -2 - 8).
6
-3 + 9 - 4 - (-2 + -1)
5
What is -4 + 10 + -8 - -5?
3
Calculate -7 - (4 + -1 + -17).
7
Evaluate -77 + 78 + 1 + -10.
-8
What is (-2 - -1) + (16 - 11)?
4
What is 3 - (-4 + 9) - 3?
-5
What is -68 + 75 + -1 + -11?
-5
(4 - (3 + 1)) + 0
0
What is the value of 1 - (-4 - -1) - 3?
1
Evaluate -2 + -3 + 1 + 3 + -4.
-5
(7 - (14 - 12)) + -3
2
Evaluate (15 + -5 - (0 + 1)) + -4.
5
Calculate 0 - 1 - (0 - -2).
-3
Evaluate 4 - 9 - (25 - 35).
5
-3 + 6 - 3 - (3 + 4)
-7
What is (2 - (3 - 5)) + -5?
-1
Evaluate -3 + -11 - (-29 + 17).
-2
What is the value of 5 + -5 + 8 + -3?
5
What is 0 + -5 + 9 + -3 - 3?
-2
0 + 2 + (0 - 7 - -8)
3
Calculate -1 - (-6 + 10) - 2.
-7
(4 - 2 - 0) + 10 + -8
4
What is (0 - -3 - (-1 + 10)) + 5?
-1
What is -9 - (-2 + 2 - 2)?
-7
11 - ((-3 + 1 - 3) + 5)
11
Evaluate 2 - (8 + -7 - (1 - -2)).
4
-9 - (0 + -1 + -6)
-2
Evaluate (7 - 20) + 5 + -5 - -8.
-5
-12 + 2 - -7 - (-7 - -2)
2
Evaluate (10 - 1) + (-7 - 8).
-6
Evaluate 10 + (6 + -1 - 11) - 0.
4
Evaluate -3 + (-3 - (-5 - -4)).
-5
7 - 10 - 0 - 4
-7
What is (3 - (4 - 8)) + (0 - 1)?
6
Evaluate -1 - 2 - (-14 + 25) - -6.
-8
(-7 - (1 + -1 + -3)) + -1
-5
What is the value of 4 + -6 + 1 + -3?
-4
What is -3 + 13 + (-6 - 0)?
4
Calculate -12 + (2 - 2 - (-11 - -5)).
-6
What is the value of (-1 - -7) + (-8 + 4 - -1)?
3
-8 + 5